0. Give z(-2).
8
Let y(n) = n**2 - 7962*n + 142910. Calculate y(18).
-82
Let h(c) = 1367*c**2 + 10925*c + 15. What is h(-8)?
103
Let y(m) = -2*m**3 - 326*m**2 + 214*m - 18654. What is y(-164)?
42
Let f(r) = -10*r**2 + 301*r + 48. Calculate f(25).
1323
Let l(d) = -d**2 - 1808*d - 182017. What is l(-107)?
-10
Let h(t) = 200883*t + 9642380. Calculate h(-48).
-4
Let p(q) = 127*q + 3921. Determine p(-27).
492
Let d(q) = q**3 + 72*q**2 - 655*q - 1265. Calculate d(-80).
-65
Let t(n) = n**3 - 216*n**2 - 275*n - 35068. Determine t(218).
30
Let a(m) = 28603*m - 543472. Give a(19).
-15
Let y(q) = 5*q**2 + 471*q + 2334. Calculate y(-5).
104
Let q(l) = -l**2 + 216*l - 7673. What is q(45)?
22
Let i(v) = -69063*v + 4281922. What is i(62)?
16
Let g(x) = 271*x + 19366. Determine g(-65).
1751
Let p(o) = 1582*o + 42703. What is p(-27)?
-11
Let h(f) = -2536*f + 37961. Give h(15).
-79
Let o(a) = 17*a**3 + 52*a**2 - 1191*a - 3614. Calculate o(-3).
-32
Let y(r) = 2*r**2 + 855*r - 752989. Determine y(436).
-17
Let u(r) = -r**3 + 9115*r + 166343. Determine u(-19).
17
Let r(v) = 248*v + 21237. What is r(-84)?
405
Let t(y) = y**3 + 22*y**2 - 332*y - 82. What is t(-32)?
302
Let w(f) = 32*f**2 + 5996*f + 11864. Give w(-2).
0
Let f(g) = g**3 + 75*g**2 - 1243*g - 161. Give f(-89).
-428
Let z(v) = 633*v - 89758. Calculate z(142).
128
Let g(d) = -d**3 - 523*d**2 - 30*d - 15689. Give g(-523).
1
Let q(r) = r**3 + 34*r**2 + 219*r + 387. What is q(-3)?
9
Let x(q) = q**2 + 4896*q + 507657. Give x(-106).
-83
Let j(f) = f**3 - 39*f**2 + 117*f - 284. Determine j(36).
40
Let f(n) = -16*n**2 + 8612*n + 350323. What is f(-38)?
-37
Let z(v) = -61*v**2 - 1118*v + 5578. Calculate z(5).
-1537
Let p(g) = -4*g**2 + 17*g + 86. What is p(20)?
-1174
Let l(y) = 542*y + 818. Give l(-4).
-1350
Let b(h) = -31*h**3 + 372*h**2 + 2319*h - 27824. Calculate b(12).
4
Let w(i) = -83*i**3 - 8*i**2 - 37*i + 21. Give w(-3).
2301
Let a(b) = -1426*b + 111224. Determine a(78).
-4
Let b(t) = -3*t**2 - 670*t + 3242. Determine b(5).
-183
Let b(a) = -3*a**2 + 813*a + 9071. Calculate b(282).
-235
Let g(a) = 6*a**2 - 462*a - 2298. What is g(82)?
162
Let m(x) = 2*x**3 - 62*x**2 + 120*x - 3705. Give m(31).
15
Let z(d) = -16*d**3 + 7*d**2 + 5*d + 27. Give z(5).
-1773
Let s(l) = -3*l**3 - 12*l**2 - 80*l - 512. What is s(-7)?
489
Let a(x) = -4474*x + 2751346. What is a(615)?
-164
Let v(u) = -15*u**2 - 81. Give v(9).
-1296
Let t(y) = y**3 + 105*y**2 - 354*y - 57588. Give t(-103).
92
Let p(q) = -2*q**2 + 7*q - 232. Calculate p(0).
-232
Let u(d) = -15*d**2 - 170*d + 82. Calculate u(11).
-3603
Let c(m) = -319478*m - 1277882. Give c(-4).
30
Let q(u) = 2*u**3 - 112*u**2 + 1082*u + 176. Determine q(12).
488
Let s(r) = r**3 + 125*r**2 + 144*r + 3909. Determine s(-124).
1429
Let z(s) = -4*s - 340. What is z(-131)?
184
Let p(m) = -9*m**2 + 1298*m - 8605. Give p(7).
40
Let m(a) = -7*a**2 + 5555*a + 1581916. Determine m(1016).
4
Let j(p) = -231*p + 12102. Determine j(50).
552
Let u(n) = 2488601*n - 7465797. Calculate u(3).
6
Let m(q) = 28*q**3 + 4*q**2 - 119*q - 540. Calculate m(-5).
-3345
Let o(h) = -5*h**3 + 3264*h + 13002. Calculate o(-4).
266
Let m(j) = 1850838*j - 14806693. Calculate m(8).
11
Let h(t) = 2*t**3 - 86*t**2 - 3766*t - 978. Determine h(70).
2
Let v(y) = 9*y**3 + 9*y**2 - 71*y + 456. What is v(6)?
2298
Let i(b) = -37*b**2 + 2310*b + 4902. What is i(-2)?
134
Let o(z) = -9*z**3 + 454*z**2 + 1824*z - 27. Give o(-4).
517
Let r(o) = 1771*o - 115113. Give r(65).
2
Let k(f) = -f**2 - 1144*f - 23598. Determine k(-21).
-15
Let x(h) = -932*h + 9847. Give x(11).
-405
Let c(i) = -5*i**2 - 100*i + 5291. Determine c(-44).
11
Let g(v) = -843*v**2 + 214961*v + 1030. Give g(255).
10
Let z(o) = -o**2 - 52*o - 419. What is z(-23)?
248
Let b(m) = -1317*m + 16011. Give b(12).
207
Let c(x) = -16*x**3 - 135*x**2 + 169*x + 294. What is c(-1)?
6
Let p(g) = g**3 - 11*g**2 - 92*g + 943. Determine p(8).
15
Let x(l) = l**3 + 64*l**2 - 48*l - 52. Give x(-65).
-1157
Let f(c) = -c**3 - 140*c**2 - 783*c + 2758. Calculate f(-134).
-56
Let p(g) = 42485*g + 84729. Determine p(-2).
-241
Let p(o) = 137*o**2 + 13155*o + 252. Determine p(-96).
-36
Let f(s) = 4*s**3 + 3305*s**2 - 2506*s - 20667. What is f(-827)?
8
Let y(c) = 22079*c + 110360. Determine y(-5).
-35
Let g(k) = k**3 - 69*k**2 + 2080*k - 12731. What is g(8)?
5
Let z(b) = b**2 + 113*b - 37038. Give z(-257).
-30
Let p(n) = 352*n - 2847. What is p(4)?
-1439
Let z(o) = 1589*o - 6333. What is z(4)?
23
Let b(k) = -k**3 - 615*k**2 + 4351*k - 1954. Give b(-622).
-88
Let f(j) = 3150*j - 10327. Give f(3).
-877
Let d(r) = 4035*r**2 + 8047*r - 35. Calculate d(-2).
11
Let u(v) = -3*v**3 - 346*v**2 + 1683*v + 389. Calculate u(-120).
29
Let d(z) = -2*z**3 + 165*z**2 - 461*z - 5845. What is d(8)?
3
Let j(b) = 50*b**2 + 432*b + 877. Determine j(-5).
-33
Let b(y) = 3*y**2 - 53*y - 326. What is b(-10)?
504
Let v(l) = -11170*l - 614180. Calculate v(-55).
170
Let u(v) = -v**3 - 49*v**2 - 845*v - 7685. Determine u(-29).
0
Let b(r) = -8*r**3 + 23*r**2 - 1419*r + 5805. Determine b(4).
-15
Let p(k) = 2*k**3 + 1331*k**2 + 1883*k - 72484. What is p(-664)?
-108
Let o(m) = -486*m + 28216. Determine o(57).
514
Let c(i) = 276*i + 51332. Calculate c(-185).
272
Let j(b) = 2*b**2 - 115*b + 1798. What is j(38)?
316
Let p(d) = -8871*d + 9258. What is p(1)?
387
Let d(n) = -8*n**2 - 662*n + 520. Determine d(-87).
-2438
Let i(j) = 93533*j + 1309469. Calculate i(-14).
7
Let q(a) = -4*a**3 - 24*a**2 - 600*a - 1980. What is q(-4)?
292
Let f(q) = -1700*q + 227321. Determine f(134).
-479
Let y(n) = -3*n**2 - 73*n - 328. What is y(-19)?
-24
Let p(t) = -63*t**2 + 321*t + 36. Determine p(6).
-306
Let c(a) = 4*a**3 + 77*a**2 + 25*a + 606. What is c(-12)?
4482
Let m(k) = 77*k**2 - 1145*k + 4598. Calculate m(4).
1250
Let j(t) = -t**2 - 344*t - 32183. What is j(-186)?
-2795
Let o(f) = 7*f**3 + 47*f**2 - 96*f - 309. Calculate o(3).
15
Let y(t) = -t**3 + 4*t**2 - 26*t + 245. Calculate y(9).
-394
Let s(z) = -27*z**2 - 1442*z + 909. Calculate s(-54).
45
Let t(q) = 2*q**2 - 419*q + 5752. Calculate t(197).
827
Let u(x) = 2*x**3 - 7*x**2 + 244*x - 1190. Calculate u(5).
105
Let r(i) = 35*i**2 + 3194*i + 824. Calculate r(-91).
5
Let t(o) = 4*o**3 + 3176*o**2 - 215956*o - 507. What is t(63)?
-3
Let r(h) = -64*h**2 + 22514*h - 45029. Determine r(2).
-257
Let n(p) = -2071*p + 158664. Determine n(77).
-803
Let j(u) = -u**3 + 102*u**2 + 658*u - 13120. What is j(107)?
41
Let m(z) = 4026*z + 11206. What is m(-3)?
-872
Let i(x) = 72*x - 3842. What is i(49)?
-314
Let l(q) = 416*q**2 + 14*q + 90. Calculate l(-3).
3792
Let x(y) = -y**3 + 3*y**2 - 34*y + 60. Give x(4).
-92
Let f(w) = -w**2 - 204*w + 5809. What is f(25)?
84
Let w(g) = 586926*g + 5282332. Determine w(-9).
-2
Let l(g) = g**3 - 53*g**2 - 12*g - 2251. What is l(54)?
17
Let a(y) = 10445*y - 1128005. Determine a(108).
55
Let k(h) = 84*h**2 - 21*h + 52. Calculate k(2).
346
Let k(r) = 15*r**3 + 135*r**2 + 248*r + 2246. Determine k(-9).
14
Let r(y) = -26943*y - 2478714. What is r(-92)?
42
Let x(n) = -4*n**3 + 1067*n**2 - 831*n + 8779. What is x(266)?
1
Let l(b) = b**2 + 966*b + 13332. What is l(-14)?
4
Let z(o) = -80*o**2 - 19*o - 61. Calculate z(-3).
-724
Let h(r) = 7039*r - 211154. Determine h(30).
16
Let h(y) = -2*y**3 - 49*y**2 - 8*y - 812. Give h(-25).
13
Let v(i) = 144*i**2 - 161*i - 494. Determine v(-3).
1285
Let c(y) = 8*y**2 - 120*y + 178. What is c(10)?
-222
Let m(c) = 1183*c**2 - 37857*c - 71. What is m(32)?
-103
Let g(q) = 2*q**3 + 8*q**2 + 78*q + 378. Give g(-5).
-62
Let a(u) = u**3 - 66*u**2 - 4074*u - 2216. What is a(105)?
-11
Let h(s) = 35803*s + 2971684. Determine h(-83).
35
Let y(u) = -4*u**3 + 121*u**2 + 95*u - 99. Calculate y(31).
-37
Let s(b) = 107*b**2 - 33873*b - 48647. Determine s(318).
7
Let t(m) = -m**2 + 12330*m + 519618. What is t(-42)?
-6
Let b(z) = 292*z - 1277. Calculate b(9).
1351
Let o(a) = a**3 - 30*a**2 - 320*a - 152. Give o(-8).
-24
Let l(a) = -317*a + 1346. Give l(0).
1346
Let h(r) = -11*r**3 + 37*r**2 + 117*r - 3. Give h(-3).
276
Let r(l) = 5*l**3 + 290*l**2 - 3153*l - 57068. Give r(-65).
2
Let i(t) = -6*t**2 - 176*t + 12132. Calculate i(-62).
-20
Let m(j) = 5733*j - 814098. Calculate m(142).
-12
Let w(h) = -20*h**3 + 302*h**2 - 33*h + 27. What is w(15)?
-18
Let y(q) =